 = -b**2 + 44*b + 42. Suppose 5*t = d + 133, -3*d - 18 = -9. What is the hundreds digit of z(t)?
5
What is the tens digit of (-3 + ((-47)/(-188) - (-3)/4))*-13786?
7
Suppose 0 = 8*j - 12 - 20. Suppose -4*k = -j*y + 2972, -11*k + 7*k + 2229 = 3*y. What is the units digit of y?
3
Let b be ((-6)/4)/(30/(-1400)). Let z = b + 222. What is the tens digit of z?
9
Let c = 2825 + -2645. What is the units digit of c?
0
Suppose 0 = 2*u - i - 0*i - 14, 3*i - 30 = -3*u. What is the units digit of u*(-1 - -13) + 27 + -28?
5
Suppose 0 = 123*i - 98*i - 78700. What is the tens digit of i?
4
Let g(j) = -413*j + 246. Let w be g(-6). Let h = w + -1329. What is the tens digit of h?
9
What is the hundreds digit of (21 - -39004) + 2 + -1?
0
Let s(k) = k**3 - 21*k**2 - 23*k - 11. Let b be s(22). Let g be 6/b + 398/11. Suppose 4*c - 4*w - g = -0*c, -2*w + 42 = 4*c. What is the units digit of c?
0
Let k = -268 - -386. Suppose -3*u + 5*j = -47 - 142, 4*u + j - 252 = 0. Let b = k - u. What is the tens digit of b?
5
Suppose -i - 5*r + 27 = -145, 12 = -3*r. Suppose 5 = -5*j + 3*n, 3*j + n - 12 = -1. Suppose -i = -j*s - s. What is the units digit of s?
4
Suppose -620 = 30*i - 32*i. Let s(t) = t**3 + 5*t**2 - t - 5. Let y be s(-5). Suppose 4*x + i = 3*w + 3*x, y = -4*w - x + 404. What is the tens digit of w?
0
What is the ten thousands digit of (-40)/(((-5)/(-35)*14)/(-4442))?
8
Suppose -42*g - 46*g - 15768 = -97*g. What is the tens digit of g?
5
Suppose -v + 4 = -3*v. What is the hundreds digit of (-146)/6*(-4 - v)*3?
1
Let h be (-392)/(-42) - 11 - 1/3. What is the tens digit of ((-2)/h)/(3/2478*2)?
1
Suppose 2*x - j - 632 = -x, 0 = -2*x - 5*j + 393. Let b = x - 140. Suppose -p + 4*p = b. What is the units digit of p?
3
What is the tens digit of (56/12 - 5)*(-30978 - -24)?
1
Let w be (30/25)/(0 + (-3)/(-2040)). Let q = -550 + w. What is the hundreds digit of q?
2
Suppose 2*c + 2*k + 2 + 2 = 0, 8 = -2*k. Suppose 0 = -l + r - 2 - 0, 4*r = l + c. What is the units digit of (-114)/(-12)*(-16)/l?
6
Suppose -12442 = -5*a + 2*c, a - 1199 = c + 1290. What is the hundreds digit of a?
4
Let v(u) = u - 51. Let m be v(25). Let b(i) = -14*i - 108. What is the units digit of b(m)?
6
Let q = 39713 - 3334. What is the ten thousands digit of q?
3
Suppose 3*j + o + 25 = 0, -2*o = -5*j - 5*o - 35. Let g be (3 - -6) + -1 + 0/(-5). What is the units digit of (g/j)/(2/(-210))?
4
Let i be (9/18)/(-4 + (-45)/(-10)). What is the units digit of (-2)/(-3)*-127*-3*i?
4
Suppose 0*j - 60 = -2*j. Let i = j - 29. Suppose 5*y - 2*x - 71 = 4*y, i = -x. What is the units digit of y?
9
Let m(v) = 7*v + 4. Let b be m(-4). Let t be 938/8 + -1 - (-6)/b. Let u = t + -31. What is the tens digit of u?
8
Let b = 12791 - 2060. What is the units digit of b?
1
Let n = -33431 - -96294. What is the thousands digit of n?
2
Let x(y) = y**3 + 10*y**2 + 67*y - 479. What is the thousands digit of x(27)?
8
Let h = 18703 - 4837. What is the tens digit of h?
6
Let f(h) = 16*h - 215. Let l(b) = 15*b - 215. Let w(m) = -3*f(m) + 2*l(m). What is the hundreds digit of w(6)?
1
Let d = 65392 + -45091. What is the tens digit of d?
0
Let q = 526 + 63. Suppose -13*p + 178 + q = 0. Suppose -p - 61 = -10*v. What is the units digit of v?
2
Let s(y) = -1409*y + 584. What is the ten thousands digit of s(-18)?
2
Let y(n) = -2*n - 32. Let m be y(-18). Suppose m*k + 12 = 6*k. Suppose 5*c - 4 = k. What is the units digit of c?
2
Let u be 48/(-40)*10/(-3). Suppose 0 = -s + u*s - 3*p + 12, -2*s - 16 = -4*p. Suppose s = 8*v - 178 - 62. What is the tens digit of v?
3
Suppose -24 = 4*q - 40. Suppose q*m + 1 = -f - 65, 3*f = -2*m - 38. What is the tens digit of 21 + (m/(-2))/(-2)?
1
What is the hundreds digit of (-17019288)/(-493) + (-2)/(-17)?
5
Suppose 404*x - 5188523 - 18084798 = 3256955. What is the hundreds digit of x?
6
What is the hundreds digit of ((0 - 1) + -1464)*120/(-50)?
5
Suppose -t + 12 = -4*x + 4*t, 0 = 4*x + 5*t - 28. What is the tens digit of (-17)/x*(-49 + -37)?
3
Let y = -4004 + 14589. What is the thousands digit of y?
0
Let f(a) = a**3 - 11*a**2 + 16*a + 18. Let r be f(9). Suppose 2*p = u + 815, 2*p - 5*u + 10*u - 785 = r. What is the tens digit of p?
0
Let x(c) be the second derivative of -c**3/3 + 11*c**2/2 + 2*c. What is the units digit of x(-3)?
7
Suppose 12 = 2*f + 5*i + 65, -i = 5*f + 144. Let y = 32 + f. Suppose -y*h - h = -308. What is the tens digit of h?
7
Suppose 50 = 11*a - 9*a. Suppose -3 - a = -7*g. Suppose 311 + 141 = g*x. What is the hundreds digit of x?
1
Let p(c) = 187 + 350 + 82 + 3*c - 99. What is the hundreds digit of p(0)?
5
Suppose -43*j + 71*j + 322023 = 51*j. What is the tens digit of j?
0
Suppose 27*w = 23*w - 70*w + 937284. What is the tens digit of w?
6
Let n(f) = -f**3 - 5*f**2 - 4*f. Let r be n(-6). Let w be (-10)/r - 1106/(-12). Let m = 175 - w. What is the tens digit of m?
8
Let o(h) = 2143*h - 265. What is the thousands digit of o(6)?
2
Let i = -37 + 41. Let v(h) = h**3 - 7*h**2 + 13*h - 8. Let t be v(i). What is the units digit of 3/12 + (-387)/t?
7
Suppose -4*t + 7297 = -3*k, 2011 = 4*t + 2*k - 5311. Let b = t - 1107. What is the hundreds digit of b?
7
Suppose 291*w - 303*w = 120. Let s(b) = -b**3 - 11*b**2 - 28*b - 39. What is the tens digit of s(w)?
4
Let w be 21 - (5 - 4 - 0). Suppose 0 = -7*v + 3*v + w. What is the units digit of v?
5
Let g be 1/(-2)*8/4. Let j be 1*(g - -2*3). What is the units digit of -2*(-40)/16*19/j?
9
Suppose 0 = 70*f - 19*f + 88*f - 2703689. What is the tens digit of f?
5
Let j = -60505 - -104970. What is the ten thousands digit of j?
4
Suppose -m = i - 82, -2*i + m = -7*i + 390. Suppose 73*u + 4 = i*u. What is the hundreds digit of 1*(-4 - -4) + 113 + u?
1
Let r(v) = 159*v - 57. What is the units digit of r(6)?
7
Let k be (-41)/(-3) - -2 - (-2)/6. Suppose 7*q - k = 12. Suppose -j + 305 = q*j. What is the units digit of j?
1
Let b = -12536 + 12530. Let a(j) = -j**3 - 9*j**2 - 3*j. Let x(z) = z**2 - z - 1. Let q(w) = a(w) + 6*x(w). What is the units digit of q(b)?
6
Let t = 25890 - 15330. What is the thousands digit of t?
0
Let x(q) = -2*q**2 + 5*q - 6. Let k be x(3). Let y be (-16)/72 - 2/k. What is the units digit of (-4)/(-1) - (y + -3)?
7
Let c(p) be the third derivative of -p**6/120 + 4*p**5/15 - 17*p**4/12 - 3*p**3 + 31*p**2. Let i be c(13). Suppose -d + 102 = -i. What is the units digit of d?
9
Let k(o) = -14 - 3 + 7 + 2 - 11*o + 15*o**2. Let z be k(-6). What is the units digit of z/15 - 4/(-30)?
0
Let b(g) = -3*g - 11. Let x be b(-5). Let o be 2*22/x + -1. Suppose -o*s + s + 558 = 0. What is the units digit of s?
2
Let b = 128 + -46. Let j = -84 + b. What is the units digit of ((-11)/j)/(20/120)?
3
Let z(c) = -c**3 + 17*c**2 - 16*c + 5. Let p be z(16). Suppose -1744 = p*a + 1346. What is the units digit of a/(-8) - 3/12?
7
Let q(g) = -6*g**3 + 199*g**2 - 71*g - 7. What is the thousands digit of q(32)?
4
Suppose 11*k + 20475 - 35914 = 27274. What is the tens digit of k?
8
Let o = -110 - -141. Suppose r = -f - o + 142, 0 = r - f - 117. What is the units digit of r?
4
Suppose -3*c = 2*r - 29117, 9729 = 3*c - 2*c - 4*r. What is the thousands digit of c?
9
Let l = 220634 - 142547. What is the ten thousands digit of l?
7
Let h = -389 - -317. What is the hundreds digit of 6*(-1356)/h + (-2 - -1)?
1
Let y = 887 + -502. Suppose -9*v + 290 = -y. What is the tens digit of v?
7
Let u = 362 - 360. What is the units digit of (-9 + 4)/1 - (-1000)/u?
5
Let y = 251 + -254. What is the tens digit of -126*(12/y + 91/(-39))?
9
Let c = -33408 + 62686. What is the units digit of c?
8
Let y = 27110 - 13608. What is the thousands digit of y?
3
Let k = 58 + -58. Suppose b + 21*b - 8646 = k. What is the hundreds digit of b?
3
Suppose 0 = -2*q + 6*q - 2*q. Suppose q*r = -9*r + 18. What is the tens digit of r/(12/217) - (-41)/(-246)?
3
Let s = 74547 + -25641. What is the ten thousands digit of s?
4
Let n be (-13)/52 + (-5)/(-4) + 0. Suppose -2*r - u + 2*u + n = 0, -2*u = -3*r + 2. Suppose 5*z - 2*i - 591 = -r*i, 5*z - 593 = i. What is the units digit of z?
9
Let y(g) = -g**3 - 15*g**2 + 20*g + 68. Let i be y(-16). Suppose -5*n - 3*q + 5*q = -1843, 4*n + i*q - 1452 = 0. What is the hundreds digit of n?
3
Suppose 2*c - 6 = 0, -2*c + 33 = -3*n - 7*c. Let l(o) = o**3 + 14*o**2 - 19*o + 1. L